et l be (-9)/(-2)*(-10)/(-15). Let i(p) = -12 + 2 - p**l + 9 + 3*p**2. Give i(2).
3
Let l = 3 - -2. Let v be 0 + -3 - l*-1. Let b(h) = -2*h**2 + v*h - 6*h**2 + 7*h**2. Calculate b(3).
-3
Let u(l) be the third derivative of -l**5/30 + l**4/24 - l**3/2 - 602*l**2. Determine u(0).
-3
Let a(l) be the first derivative of l**4/2 + 23*l**3/3 - 11*l**2/2 + 10*l + 264. What is a(-12)?
-2
Let o(f) = -f**3 - 5*f**2 + 4*f + 2. Suppose -8*d + 120 + 16 = 0. Suppose -5*u - 13 = d. Calculate o(u).
14
Let t(s) = -7*s**3 - 34*s**2 - 35*s + 91. Let z(l) = -l**3 - 5*l**2 - 5*l + 13. Let x(c) = 2*t(c) - 15*z(c). What is x(-6)?
-7
Let m(u) = -2*u**3 + 24*u**2 + 2*u - 21. Let v be m(12). Let t(w) = w**3 + w**2 - 6*w + 2. Determine t(v).
20
Let q be (-1)/(2/(-4) + 3/12). Let c(k) = 4 + 3*k + 0 - q*k + 1. Suppose 4*r = -p + 28, -5*p + 32 = 2*r - 0*r. Determine c(r).
-1
Let q(g) be the third derivative of g**6/120 + g**5/60 + g**4/24 - g**3/6 - g**2. Let n be -3 + ((-19)/(-7) - (-8)/28). Give q(n).
-1
Let y(g) = -5*g**2 - 4*g**2 + 2 - 2*g + 10*g**2. Suppose x + 23 = -3*f, -2*f = 2*x - 3*f + 74. Let n be (4/5)/((-14)/x). Determine y(n).
2
Let p(y) = 28*y**3 - y**2 - 5*y + 3. Let h(b) = -13*b**3 + 2*b - 1. Let z(l) = 5*h(l) + 2*p(l). Calculate z(-1).
8
Suppose 3*x + 2 = 6*x + g, 4*x = -5*g - 12. Let c(l) = -3*l**2 + 5 + l**2 - 2*l**x + 5*l - l**3. Let r = 193 + -198. What is c(r)?
5
Let b(t) = t**3 - 4*t**2 - t - 2. Let l = 235 - 231. Give b(l).
-6
Let m(y) be the first derivative of -3*y**5/20 - y**4/12 + 9*y + 8. Let s(b) be the first derivative of m(b). Determine s(-1).
2
Suppose 0 = -18*h + 22*h - 16. Suppose 3 = -h*t - 17. Let v(g) = g + 6. Determine v(t).
1
Let y(b) = -6*b - 1. Let p be (-1 - 0)*4*(-3)/(-12). Calculate y(p).
5
Let n(d) = d**3 - 6*d**2 + 4*d - 2. Suppose -b + 5*b - 4*y = -84, 2*b + 2*y = -54. Let k = b - -29. Determine n(k).
-7
Let a(d) = -13*d + 1. Let v(k) = 28*k - 3. Let t(u) = -13*a(u) - 6*v(u). Give t(-8).
-3
Let y(t) = -8*t + 12*t - 3*t. Suppose 33 = -4*w + 3*m, 15 = -5*w - m - 12. What is y(w)?
-6
Suppose -5*f = -l + 29 + 23, 37 = -2*f - 5*l. Let q(z) = z**3 + 10*z**2 - 11*z + 5. What is q(f)?
5
Let w(s) = -s**2 + 25*s + 12. Let o(r) = -2*r - 1. Let h(k) = -6*o(k) - w(k). Calculate h(14).
8
Let r(b) be the second derivative of -b**5/20 - 5*b**4/6 - b**3/6 - 6*b**2 - 294*b + 2. Determine r(-10).
-2
Suppose 233 = -24*i + 65. Let f(q) = q**3 + 6*q**2 - 4*q + 17. What is f(i)?
-4
Let u(t) = -t**3 - 4*t**2 + t + 8. Let z = 1618 + -1622. Calculate u(z).
4
Let z(y) = 19*y - 47*y + 5 + 16*y + 18*y. Calculate z(-5).
-25
Let n(j) = -j**3 + 7*j**2 - 2*j - 13. Let i be n(6). Suppose i + 5 = 4*y. Let g(a) = a**2 - 6*a + 4. Determine g(y).
-4
Let u(x) = -x**2 + 6*x + 2. Let y(h) = h**3 - 7*h**2 + 4*h - 12. Let s be y(7). Suppose 3*t + 2*j = 4*j + 23, 3*t + 5*j = s. Give u(t).
-5
Suppose 2*b + 2*b + 18 = -2*w, 0 = 3*w + 5*b + 25. Let q(x) = x**2 + 4*x - 4. Give q(w).
1
Let y(w) be the third derivative of 0*w + 1/4*w**4 - 17*w**2 - 1/60*w**5 - 1/6*w**3 + 0. Determine y(7).
-8
Let q(s) be the first derivative of -s**5/60 + s**4/4 - s**3/6 - s**2/2 + 2. Let c(z) be the second derivative of q(z). Let t be 1/2*0 - -4. Determine c(t).
7
Let y(j) = -4*j**2 - 57 + 115 + 3*j**2 - 62. Give y(0).
-4
Let y(c) = c**3 + 6*c**2 - 1. Suppose 5*r - 61 = -h - 11, 40 = 4*r + 5*h. Let f = r - 16. Let d be y(f). Let j(t) = 12*t**2. Calculate j(d).
12
Let x(v) = -17*v + 7. Suppose -7*f - 3*o + 19 = -2*f, -f + 4*o - 10 = 0. Give x(f).
-27
Let c(r) = r**2 + r**2 - 4*r**2 - 4*r**2 - 157*r - 1 + 159*r. Determine c(1).
-5
Let x(i) be the first derivative of -1/3*i**3 - 1/10*i**5 - 2*i + 7 - 3/2*i**2 - 1/4*i**4. Let b(l) be the first derivative of x(l). Calculate b(-2).
5
Let c(t) = t**2 + 4*t + 2. Let b be (-3)/(1 - -2) - -1. Suppose -5*g + n = -28, 3*n = -b*g + 4*g - 29. Suppose -g*z - 6 = 14. What is c(z)?
2
Let y(w) = 13 - 6 - 10 - 2*w + 0*w - 3*w. Let k be (-16)/6 - 2/6. Give y(k).
12
Suppose 0 = 2*n - 88 + 84. Let y(z) = -1 + 2 - 3*z + 2 + z**n. Let a = 6 + -3. What is y(a)?
3
Let r(p) = -p**3 + p**2 - 4*p + 1. Let n(w) = -3*w**3 + 4*w**2 - 11*w + 2. Let c(z) = -3*n(z) + 8*r(z). Determine c(4).
6
Let f(d) = -5*d**2 + d - 3. Let c(b) = 9*b**2 - b + 5. Let r be (-3)/(-1)*28/(-12). Let z(u) = r*f(u) - 4*c(u). Determine z(-3).
1
Let t(v) = v**2 + 11*v + 4. Let n = -30 - -20. Let i be t(n). Let s(w) = -w**3 - 5*w**2 + 5*w + 4. What is s(i)?
10
Let p be 1*4 - (-2)/1. Let l(a) = -p + 2*a - 2 + a**2 - 6*a. Let b be (18/7)/(9/21). What is l(b)?
4
Let w(z) = z**2 - 1. Let o(d) = -7*d + 3*d - 2*d**2 + d**3 + 0*d**2 - 3. Let a(c) = o(c) - 2*w(c). What is a(5)?
4
Let l(o) = -2*o + 3. Let a(w) = -4*w + 7. Let f(z) = 2*a(z) - 5*l(z). Suppose 2*g - 37 = -35. Let n be f(g). Let j(k) = -10*k**2 + 1. Calculate j(n).
-9
Let g(h) = 4*h**2 + 3*h - 2. Let r(k) = -3*k**2 - 4*k + 1. Let j(u) = 2*g(u) + 3*r(u). Suppose -5*y = 2*y - 56. Suppose -y*i + 4 = -9*i. Calculate j(i).
7
Let q(i) = -15*i - 160. Let j(n) = -75*n - 789. Let p(l) = 5*j(l) - 24*q(l). Give p(-7).
0
Let m be 36/(-72) - 26/(-4). Let b(z) = z**3 - 7*z**2 + 6*z + 4. What is b(m)?
4
Let o(s) = s**3 + 3*s**2 + 1560*s + 0*s**3 - 1565*s - 2 - 4. Determine o(-5).
-31
Let d = 13 - 36. Let w be d/(-4) + 1/4. Let u(p) be the second derivative of p**3/3 - 4*p**2 + p. What is u(w)?
4
Let l = 6 - 4. Let b be (l*(-9)/6)/(-1). Let i(m) = -5*m + 6 + b*m + 0. What is i(4)?
-2
Let z = -47 + 57. Let h(c) = -c**3 - z*c + 5*c + 5*c**2 + 6 - 4. What is h(4)?
-2
Suppose -62*c + 18*c - 132 = 0. Let y(m) = -5*m - 7. Calculate y(c).
8
Let x(m) = -7*m**2 + 48*m - 36. Let o be x(6). Let b(d) be the second derivative of 1/2*d**2 + o + 7*d + 1/6*d**3. Determine b(-6).
-5
Let f(m) = -m**3 - 13*m**2 - 12*m + 2. Let q be ((-1)/2)/(2/48). Determine f(q).
2
Let l(i) = -6 + 6*i**2 + 1132*i**3 - 3*i - 1133*i**3 + 2 - 3. Let t(a) = a**2 - 4*a + 2. Let w be t(3). Let u be (1 - w) + 4 - 1. Determine l(u).
3
Let d(l) be the second derivative of -l**5/20 + l**4/3 - 7*l**3/6 - 9*l. Let p(t) = -2*t**3 + 3*t**2 - 7*t. Let s(o) = -3*d(o) + 2*p(o). What is s(-7)?
0
Let u = -16 + 9. Let g(k) be the third derivative of k**4/12 + 5*k**3/3 - 427*k**2. What is g(u)?
-4
Let z(i) = -67*i**3 + 48*i**2 + 51*i - 11. Let j(u) = -25*u**3 + 16*u**2 + 17*u - 4. Let g(b) = 8*j(b) - 3*z(b). What is g(17)?
1
Let i be (4/(-10))/(5/(-25)). Let r(j) = -j - 5. Let f(t) = 4*t + 14. Let u(k) = i*f(k) + 7*r(k). Let c be u(13). Let z(q) = -q**2 + 6*q + 3. What is z(c)?
3
Let h be -2*(-6)/4*(-4)/(-1). Suppose -4*k + h = -5*s + 3*s, 5*k - 5 = 0. Let j(a) = -a - 3. Determine j(s).
1
Let d(z) = -7*z**2 - 7*z - 2 - 2 - z**3 - z. Let u = -3057 - -3052. Calculate d(u).
-14
Let t(j) = 10*j - j - 9*j**2 - 3 + 0*j + 4 + j**3. Give t(8).
9
Suppose -7*q - 7*q = 714. Let b = -48 - q. Let j(k) = 8*k - 6. Let i(x) = 4*x - 3. Let p(t) = 5*i(t) - 2*j(t). What is p(b)?
9
Let z(s) = 2*s**3 + 9*s**2 - 15*s - 82. Let j be z(-4). Let n(h) = -4*h - 19. Calculate n(j).
5
Let k = -23 - -28. Let o(w) be the second derivative of w**5/20 - w**4/2 + w**3 - 3*w. Determine o(k).
5
Let l(a) = 4 - 6*a**3 + 4*a**3 - a**3 - 2 + a. Suppose 35*n = 31*n + 8. Determine l(n).
-20
Let n be -1 + (-60)/(-6 + 0) + -2. Suppose -4*l - 2*h = -16, h + 2 = -3*l + 3*h. Let c(y) = -26 + y**l + n + 15 + 3*y. Give c(-4).
0
Suppose 2*o + 2*o - 116 = 5*d, 5*o = 2*d + 162. Let m be (-20)/25 - 2/(-10)*o. Let q(v) = -v**3 + 7*v**2 - 6*v - 5. Give q(m).
-5
Let d(s) be the first derivative of s**5/60 + 20*s**3/3 + 13. Let c(j) be the third derivative of d(j). Let a(h) = 4*h**2 + h - 1. Let g be a(1). What is c(g)?
8
Suppose 4*a = 8 + 84. Suppose 174 = -9*n - 15. Let o = a + n. Let t(g) = -4*g + 2. Give t(o).
-6
Let i(k) be the second derivative of -k**5/20 - 3*k**4/4 - 4*k**3/3 + 5*k**2/2 - 44*k. Give i(-8).
5
Suppose -8 = -r - 12. Let u(w) = -w**3 - 4*w**2 - 4*w - 3. Let h be u(r). Suppose -h = -2*z - 9. Let n(g) = 2*g + 2. Calculate n(z).
6
Let u(q) = -q - 19. Let b = -46 + 27. Let w be u(b). Suppose -k = -w*k. Let y(x) = x**2 + x - 3. Determine y(k).
-3
Let g(c) be the third derivative of c**7/1680 + c**5/10 + 14*c**2. Let b(k) be the third derivative of g(k). Give b(2).
6
Let v(m) = 2*m - 26 - m**2 + 21*m + 0*m**2 + 44. Calculate v(24).
-6
Suppose -f = 4*g +